**2 + 5*a + 9. Let l(u) = -4*d(u) + 3*f(u). Suppose 8*n - 4*n + 16 = 0. Determine l(n).
-14
Let n(p) be the second derivative of -p**4/6 + p**3/2 + 5*p**2/2 + 21*p. What is n(4)?
-15
Let z(w) = 12 - 11*w - 24*w + 24*w + w**2. What is z(9)?
-6
Let y(r) = r + 14. Let i be y(-11). Suppose -g = g + 2. Let z = i + g. Let w(x) = -x**2 - 2*x. What is w(z)?
-8
Let i be 8 + (-3 + -2 - -5). Let d(f) = -f + 12. Determine d(i).
4
Let q be -3*2*-1 + -1. Let v(i) be the third derivative of 1/120*i**6 - 1/3*i**3 + 1/15*i**q + 2*i**2 + 0 + 0*i + 1/12*i**4. Calculate v(-3).
1
Let v(u) = -3*u - 1. Suppose 2 = 2*n - 10. Let m be 3*n/9*1. Let o = m - 3. Give v(o).
2
Let w(v) = 3*v + 8. Let x(n) = 15*n + 39. Let i(f) = -24*w(f) + 5*x(f). Suppose 12 = -7*u - 9. Give i(u).
-6
Let h(j) be the second derivative of -j**4/12 + j**3/3 + 5*j**2/2 - 6*j. What is h(4)?
-3
Let d(i) be the first derivative of -i**4/4 - 5*i**3/3 + 7*i**2/2 - 3*i - 2. Calculate d(-6).
-9
Suppose 5*p = 8 - 33. Let r(v) = -v**3 - 6*v**2 - 7*v - 7. Determine r(p).
3
Let f(m) = -m**3 + 5*m**2 + 8*m - 12. Let p(g) = 10*g**2 - 10 + 47*g - 15 - 30*g - 2*g**3. Let c(j) = 7*f(j) - 3*p(j). Give c(6).
-15
Suppose 6*u + 17 + 19 = 0. Let l(r) = -r**3 - 7*r**2 - 7*r - 8. Calculate l(u).
-2
Let z(p) = -4*p**2 + 3*p**2 + 1 + 0*p**2 - 3 - p. Let r be ((-2)/(-4))/((-3)/(-6)). Let w be r/6 + (-6)/36. Determine z(w).
-2
Let a(s) be the first derivative of s**3/3 - 3*s**2/2 - 6*s + 38. Give a(5).
4
Suppose -x - 5 = -0. Let v(z) = z**3 + 4*z**2 - 2*z + 1. What is v(x)?
-14
Let d be (-140)/(-60) + 2/(-1 + -5). Let c(o) = 3*o - 2. Calculate c(d).
4
Let x be ((-8)/1)/(-1 - -2). Let y = x + 13. Let a(r) = -4*r - 8. Let k(l) = -5*l - 8. Let m(p) = y*k(p) - 6*a(p). What is m(5)?
3
Let n(d) = d**2 + d + 3. Let i be 8/10 - 3/(45/12). Calculate n(i).
3
Let x = -13 + 22. Let w(y) = y**3 - 8*y**2 - 8*y - 1. Give w(x).
8
Let d be (-2)/6 - (-22)/(-6). Let q(g) = g + 6. Let r be q(d). Let y(a) = -4 + r - a**2 + 0. Determine y(0).
-2
Suppose m = -2*m - 18. Let d(x) = -x**2 - 3*x - 9. Let u(g) = g**2 + 2*g + 10. Let b(v) = -5*d(v) - 4*u(v). Determine b(m).
-1
Let w = -72 + 79. Let l(b) = b**2 - 10*b + 10. Give l(w).
-11
Let o(l) = -l**3 - 2*l**2 - 3. Let n be o(-3). Let f(p) be the third derivative of -p**4/24 + p**3/6 + 3*p**2. Calculate f(n).
-5
Let d(y) be the second derivative of y**8/672 + y**7/2520 - y**4/2 + 4*y. Let l(w) be the third derivative of d(w). What is l(1)?
11
Suppose -u = 4 - 0. Let s(o) be the third derivative of 0 - 1/120*o**6 + 0*o - 1/12*o**4 - o**2 - 1/15*o**5 + 1/6*o**3. Determine s(u).
9
Let j(o) = -o**3 - 3*o**2 - 3. Let h be j(-3). Let v(r) be the first derivative of r**2/2 - r + 20. Give v(h).
-4
Let y(p) = -p**2 - 5*p - 1. Let u(d) = -d**3 + 6*d**2 - 2*d + 6. Let g be u(6). What is y(g)?
-7
Let q(o) = -o. Suppose i = 4*i. What is q(i)?
0
Let l be (-69)/(-18) + (-1)/(-6). Let z(y) = 3*y - 2 - 2*y**3 - l*y**3 + 5*y**3 + 3*y**2. Let o be ((-8)/10)/(3/(-15)). Calculate z(o).
-6
Let o(q) = 6*q + 5*q**3 - 14*q**3 + 1 + 0*q - 4*q. Let i = 2 + -3. Determine o(i).
8
Let h(z) = z**2 - z + 2. Let c(d) = -3*d + 4*d - 2*d + 2. Let j be c(4). What is h(j)?
8
Let q(r) be the first derivative of -r**7/840 - r**6/90 - r**5/60 - r**4/6 - 8*r**3/3 - 11. Let j(u) be the third derivative of q(u). Calculate j(-3).
-7
Let w(l) = -5*l - 1. Suppose 3*h = -5*u - 4, 0 = 3*u + 2*h - 4*h + 10. Let a be -1*(-1 + 0 + 2). Let z = a - u. Give w(z).
-6
Let p be 10/55 - (-80)/44. Let k(r) = -5*r**p + 2*r**3 + 0*r**3 - 6 - 3*r**3. What is k(-5)?
-6
Let h(w) = -8*w**3 + w + 1. Let l be h(-1). Let a(r) = 3*r**2 - 4*r + 1 + l*r + 1 - 4*r**2. Determine a(4).
2
Let u(b) = 2*b**2 - 5*b - 4. Let k = -44 + 77. Suppose 5*x + 25 = 0, 0*d + 2*d = 5*x + k. Calculate u(d).
8
Let m(c) = 7*c + 22. Let t be m(-3). Let l(b) = 6*b**3 - b**2 + b. Give l(t).
6
Let q = 4 - 6. Let t(w) = w**3 + 8*w**2 + 7*w - 7. Let y(c) = c**3 + 7*c**2 + 6*c - 6. Let p(k) = -5*t(k) + 6*y(k). Give p(q).
-3
Suppose k + 6 = 2*k. Suppose -2*d - 4 = -2*s, 0*d - 7 = -2*s + d. Let u(p) = -1 - 1 - 1 + k - p**2 + s*p. Determine u(5).
3
Suppose -13*a + 17*a + 28 = 0. Let n(p) = 2*p - 5. What is n(a)?
-19
Let j(x) = -2*x - 4. Suppose 4*t - 3*s = -25, t - 5*s = 3*t + 19. Give j(t).
10
Let q be (6/5)/((-2)/10). Let v(m) = -m**3 - 6*m**2 - m - 2. What is v(q)?
4
Let k(j) be the first derivative of -j**4/4 - 2*j**3 - 5*j**2/2 - 6*j - 19. Determine k(-5).
-6
Let k(y) = 0*y**3 + 12 - y**3 - 4 - 5*y**2 - y**2. What is k(-6)?
8
Let m(u) be the first derivative of u**4/4 - 2*u**3/3 - u**2/2 - 3*u + 31. Let n = 10 + -7. Determine m(n).
3
Let h(y) = -6*y + 40. Let f(l) = l - 8. Suppose -q - 4*b + 6 = -4*q, -15 = -5*b. Let n(a) = q*h(a) + 11*f(a). Give n(-5).
-3
Let m(y) = 0 - 3 + 2 + y. Let o = -8 + 10. What is m(o)?
1
Let y(h) be the second derivative of 3*h**2 + 0 + h - 5/6*h**3 - 1/12*h**4. Determine y(-6).
0
Let u(i) = 13*i**2 + 6*i + 11. Let z(p) = 6*p**2 + 3*p + 5. Let d(m) = 2*u(m) - 5*z(m). Give d(-2).
-13
Let d(f) = -3*f. Let c(q) = 0 + 16*q - 8*q + 1. Let w(o) = -4*c(o) - 11*d(o). Give w(3).
-1
Let l(f) = f. Let i(z) be the second derivative of -z**3/3 - z**2 - 3*z. Let p(w) = i(w) + 3*l(w). Calculate p(4).
2
Let m(d) = -3*d**2 + 4 - d**3 - 3 + 4*d**2. Let p = 31 + -29. Calculate m(p).
-3
Let w(c) = -3*c**3 + c**2. Let t(p) be the second derivative of p**4/12 - 7*p**3/6 + 2*p**2 - 3*p. Let v be t(5). Let d be 6/(-18) - 8/v. Determine w(d).
-2
Let i(k) = k**3 - 9*k**2 - 10*k + 2. Let x be i(10). Let p(w) = -w**3 + 4*w**2 + w - 2. Give p(x).
8
Suppose -3*w = 5*h - 2 - 3, -3*w + 4*h = 4. Let r = -1 + w. Let b = r - -3. Let j(d) = -d**3 + 3*d**2 - d - 1. Determine j(b).
1
Let b(w) = -4*w. Let s(h) = -5*h. Let j be s(2). Let g = 8 + j. Give b(g).
8
Let q(l) be the first derivative of -l**2 + 8*l - 1. Let j = -15 + 15. Let i = j + 6. What is q(i)?
-4
Let n = -3 - -8. Let z = 4 - n. Let x be (0 - z)*1 + 3. Let o(b) = -3*b + 6. Calculate o(x).
-6
Let v = -270 - -269. Let a(b) = -6*b + 5 - 5. Give a(v).
6
Let x(t) = 45*t - 44*t - 4 + 3. What is x(5)?
4
Let a(i) be the first derivative of i**2 - 9*i + 14. Determine a(6).
3
Let o(x) = -4*x**3 - x + 1. Let w(j) = j**2 - 4*j - 10. Let s be w(6). Let v(p) = 2*p - 3. Let z be v(s). Give o(z).
-4
Let s(y) = y**3 + 15*y**2 + 14*y + 3. Let x be s(-14). Let h(u) be the first derivative of -u - x - 1/2*u**2. What is h(4)?
-5
Let o(n) = -n**3 - 7*n**2 - 6*n - 7. Suppose 0 = -p + 1 - 0. Let a be ((-1)/1)/(p/6). Determine o(a).
-7
Suppose -4 = 8*m - 4*m. Let l(k) be the first derivative of 5*k - 4*k - 4 - 3*k**3 + 9. Determine l(m).
-8
Suppose -4*k + p + 3 - 4 = 0, 5*p + 11 = 4*k. Let h be (-1 - k/(-1)) + -1. Let b(u) = u**3 + 2*u**2 - 4*u - 1. What is b(h)?
2
Let u(q) = -8 + 2 + 26*q + 5. Calculate u(-1).
-27
Let s(m) = 2*m**3 - 2*m**2 - 3*m + 3. Let g(r) = r**3 - 11*r**2 - 11*r + 3. Let k be g(12). Suppose -k = -d - 2*d. Let b be 1/d + 36/20. Determine s(b).
5
Suppose -2*c + 8 = 2*c. Let m(k) = -2*k**2 + k + k**c + 5 - 1. Suppose o + t + 15 = 5*t, o + 2*t = 3. Determine m(o).
-8
Let z = -29/42 + 6/7. Let d(y) be the third derivative of 0*y - 1/15*y**5 - 2*y**2 + 0 - z*y**3 + 0*y**4. Calculate d(-1).
-5
Let d(m) be the third derivative of m**6/120 + m**5/30 - 5*m**4/24 - m**3/2 + 2*m**2. Give d(-3).
3
Let o(h) be the third derivative of 11*h**4/24 + 5*h**2. Calculate o(-1).
-11
Let l(k) = k - 3. Let t(q) = 11*q**2 - q - 1. Let v be t(-1). Let b(h) = -h + 7. Let d be b(v). Determine l(d).
-7
Let c be 4/2 + 0/2. Let u(j) = -c*j + 2*j + 4*j + 4*j. Determine u(1).
8
Let a(p) = p**3 - 3*p**2 - 2*p. Let m be -8*((-21)/(-6))/(-7). Determine a(m).
8
Let f(k) be the third derivative of -k**5/60 - k**4/8 + k**3/6 - 52*k**2 + 2. Let q(p) = 2*p + 8. Let w be q(-6). What is f(w)?
-3
Suppose 2*k + 3 + 3 = 0. Let u(p) = 20 + 42*p - 17 - 38*p. What is u(k)?
-9
Let l(t) = 3*t**2 + 4*t + 3. Let f(y) = -2*y**2 - 1. Let s be f(-2). Let d = s + 7. Determine l(d).
7
Let l(u) = 3*u + 3. Suppose -n + 18 = -7*n. Calculate l(n).
-6
Let a(z) = 3*z**2 - 3*z**2 + 208 - 203 - 11*z**2 - z**3. Give a(-11).
5
Let w(a) be the second derivative of 0 + 1/4*a**4 - 2*a + 1/3*a**3 - 1/20*a**5 + 0*a**2. Give w(3).
6
Let x(r) be the first derivative of -r + r**3 + 3/2*r**2 + 1/12*r**4 - 2. Let